ighest common factor of 506 and 5809386.
506
What is the greatest common factor of 10063783 and 85086?
4727
Calculate the greatest common divisor of 1000 and 9310750.
250
Calculate the greatest common divisor of 107690337 and 27.
27
Calculate the highest common divisor of 664372 and 21312.
148
What is the highest common factor of 454936 and 9652?
76
Calculate the highest common divisor of 70 and 1912300.
10
What is the greatest common factor of 754820521 and 273?
91
Calculate the highest common divisor of 181623 and 1053.
39
What is the greatest common factor of 51204 and 64758000?
3012
What is the greatest common factor of 1972272 and 60?
12
What is the greatest common factor of 430096393 and 5935?
1187
Calculate the highest common factor of 1394763 and 652713.
291
Calculate the highest common factor of 152468 and 13536.
188
What is the greatest common divisor of 1452 and 31040790?
66
Calculate the greatest common divisor of 29015 and 223825.
35
Calculate the highest common factor of 196711912 and 3176.
3176
Calculate the greatest common factor of 1093 and 347890970.
1093
Calculate the greatest common factor of 524892 and 96.
12
Calculate the greatest common divisor of 10422980 and 636.
212
What is the highest common divisor of 47785435 and 16181?
1471
What is the greatest common factor of 7 and 45251478?
1
What is the greatest common factor of 9143388 and 96?
12
Calculate the greatest common divisor of 113824926 and 162.
162
Calculate the greatest common divisor of 812 and 1500779.
203
What is the greatest common factor of 91 and 56915274?
13
What is the highest common factor of 1075 and 19064?
1
What is the greatest common divisor of 475641 and 7173?
9
Calculate the greatest common divisor of 90 and 21027420.
90
Calculate the highest common divisor of 2 and 307519.
1
Calculate the highest common factor of 11 and 3031303.
11
What is the highest common divisor of 4763430 and 1050?
210
Calculate the highest common divisor of 1734 and 105270562.
578
Calculate the greatest common divisor of 32 and 119356264.
8
What is the highest common factor of 34 and 367467971?
17
Calculate the greatest common divisor of 155 and 87904158.
31
Calculate the highest common factor of 52533263 and 94.
47
What is the highest common factor of 481 and 2415582?
481
What is the greatest common factor of 120083152 and 568?
568
What is the greatest common divisor of 999 and 1757376?
27
What is the greatest common factor of 4555 and 34795?
5
What is the greatest common factor of 1645623 and 42?
21
What is the greatest common factor of 13970265 and 10?
5
Calculate the highest common factor of 4338 and 333838020.
1446
What is the greatest common divisor of 11126397 and 177?
177
What is the highest common factor of 78057 and 923454?
1323
Calculate the highest common factor of 6991848 and 380.
76
Calculate the greatest common divisor of 4037 and 40909.
11
Calculate the highest common divisor of 51184 and 2256.
16
What is the greatest common divisor of 289221 and 6307?
901
Calculate the greatest common factor of 8190 and 17408664.
1638
What is the highest common divisor of 37532 and 16676?
44
Calculate the greatest common divisor of 4057057 and 42091.
859
Calculate the greatest common divisor of 11689435 and 53380.
785
What is the greatest common factor of 39 and 6216171?
39
What is the highest common divisor of 5995520 and 1428480?
5120
What is the greatest common divisor of 160 and 354531104?
32
Calculate the highest common divisor of 3558 and 920406567.
1779
Calculate the highest common divisor of 128 and 16173952.
128
What is the greatest common factor of 17 and 1715701421?
17
Calculate the highest common factor of 658489 and 91723.
1369
Calculate the greatest common divisor of 283 and 38182643.
283
Calculate the greatest common factor of 12336 and 337441.
257
Calculate the greatest common factor of 14619205 and 10375.
415
Calculate the highest common divisor of 98162 and 1996.
2
What is the greatest common divisor of 86346476 and 244?
244
What is the greatest common divisor of 53521438 and 5828?
2914
What is the highest common factor of 104470 and 35030?
310
Calculate the highest common factor of 16451556 and 594.
66
What is the highest common divisor of 8952823 and 6?
1
Calculate the greatest common factor of 1048170 and 450.
30
Calculate the highest common factor of 74975766 and 24.
6
What is the greatest common divisor of 137944386 and 60398?
4646
What is the greatest common factor of 2 and 173785?
1
What is the highest common divisor of 4950 and 943767?
99
Calculate the greatest common factor of 8420756 and 148.
148
What is the highest common factor of 25608 and 2364?
12
Calculate the greatest common factor of 2366896 and 27293.
49
What is the greatest common divisor of 1292316 and 3456?
12
What is the highest common divisor of 41801295 and 30?
15
Calculate the greatest common factor of 750 and 194132875.
125
What is the highest common divisor of 3636 and 64933607?
101
Calculate the highest common divisor of 210455 and 21805.
245
Calculate the greatest common divisor of 96400 and 1797200.
400
Calculate the highest common factor of 8 and 61272360.
8
What is the highest common divisor of 264 and 3963432?
264
Calculate the highest common divisor of 46369 and 344608.
89
What is the greatest common factor of 12257 and 125273?
17
Calculate the highest common divisor of 5404176 and 1872.
144
Calculate the greatest common divisor of 1209184 and 25868.
116
What is the greatest common factor of 3624 and 499285728?
3624
Calculate the greatest common divisor of 12 and 125285532.
12
What is the greatest common divisor of 927 and 422078859?
927
Calculate the greatest common factor of 196041 and 646602.
303
What is the highest common factor of 831615 and 120?
15
What is the highest common factor of 9846337 and 4121?
317
Calculate the highest common factor of 35022573 and 4122.
2061
Calculate the greatest common factor of 902 and 3845930.
22
What is the highest common factor of 871633 and 17447?
239
What is the greatest common divisor of 163840 and 66197504?
2048
Calculate the greatest common divisor of 3147 and 16179.
3
Calculate the greatest common factor of 264 and 419617308.
132
What is the highest common factor of 75 and 5496175?
25
What is the highest common factor of 36 and 411109461?
9
Calculate the greatest common divisor of 3046588 and 55424.
1732
Calculate the highest common factor of 204 and 205030506.
102
What is the highest common divisor of 343740726 and 27?
27
What is the greatest common divisor of 2799725 and 848?
53
What is the greatest common divisor of 615147998 and 848?
106
What is the highest common divisor of 15694 and 27534710?
826
What is the greatest common divisor of 429 and 3144648?
39
Calculate the greatest common divisor of 500 and 9915175.
25
Calculate the greatest common divisor of 129800 and 5027744.
472
What is the highest common divisor of 138125056 and 804?
268
Calculate the highest common factor of 14 and 216414674.
14
What is the highest common divisor of 290 and 763644530?
290
What is the greatest common divisor of 546 and 83866328?
182
What is the greatest common factor of 513020 and 810?
10
Calculate the highest common divisor of 291219 and 144.
3
Calculate the greatest common divisor of 1200 and 1272900.
300
What is the greatest common divisor of 20992 and 111848?
328
What is the highest common factor of 11980 and 479388685?
2995
What is the highest common divisor of 358757 and 173999?
371
What is the highest common divisor of 31959 and 5059539?
477
What is the highest common factor of 13652963 and 8214?
37
Calculate the highest common factor of 210909 and 4301991.
921
Calculate the greatest common divisor of 1699873 and 189.
7
What is the highest common factor of 3393 and 361803?
39
What is the highest common factor of 166 and 1161917?
83
Calculate the highest common divisor of 34 and 44075662.
34
Calculate the highest common divisor of 16528500 and 4530.
30
What is the greatest common divisor of 39 and 4081731?
3
What is the highest common factor of 133 and 1727319678?
133
What is the greatest common factor of 95493596 and 77?
11
Calculate the greatest common divisor of 347882 and 1328102.
1922
What is the highest common divisor of 18 